*y = -4*d - 2*y + 146. Let s = x - d. What is the units digit of s?
9
Let y = -36 + 57. Let g = y - 16. Suppose g*r + 113 - 748 = 0. What is the tens digit of r?
2
Let n(c) = -c**2 + 11*c + 26. Let l be n(12). Suppose 6*x + 830 = 11*x. Suppose -78 = -v - 4*w + l, -x = -2*v - 2*w. What is the tens digit of v?
8
Let r be 2/(1/(-3) - (-145)/465). Let z be 0 + (-1)/4 + r/12. Let d(n) = -7*n - 29. What is the units digit of d(z)?
7
Let r(y) = 618*y - 1782. What is the units digit of r(19)?
0
Let t be (19 + -6)*(2 - (-2 - -3)). Let v(b) be the first derivative of -b**3/3 + 15*b**2/2 - 5*b - 5. What is the units digit of v(t)?
1
What is the tens digit of (-2 + (-182313)/18)*-2?
6
Suppose -3*a - 5*p + 17545 = 2*a, 2*a - 7033 = 3*p. Suppose -a = -4*b + 4*t, -5*t = 5*b - 1415 - 2955. What is the hundreds digit of b?
8
Let j = -39 - -41. Let l(f) = -f**3 - 5 + j*f**3 + 11*f**2 - 12*f + 15*f. What is the units digit of l(-10)?
5
Let l(v) = -4*v**3 - 2*v**2 - 5*v - 10. Let z be l(-2). Let r = 269 + z. What is the tens digit of r?
9
Let r(u) = -214*u**3 - 11*u**2 - 12*u + 82. What is the ten thousands digit of r(-4)?
1
Suppose 276 = -3*t + 4*z, -11*z + 16*z = 2*t + 191. What is the tens digit of (t - -85)*((-100)/6 - 1)?
5
What is the units digit of ((-16797)/(-24) + ((-15)/8)/5)*16?
2
Suppose 4*x - 195152 = -2*t, -2*x - 2*t - 2*t + 97582 = 0. What is the units digit of x?
7
Let b(f) = 16*f**2 + 8*f + 5. Let s be b(5). Let r = s - -176. Suppose 84 = -3*k + 3*o + r, 4*o + 20 = 0. What is the tens digit of k?
7
What is the tens digit of (-1572)/(-13362) - (2670798/17)/(0 - 2)?
5
Suppose r = -z + 14, 2*r + r + 54 = 3*z. Suppose -149 = z*l - 17*l. What is the tens digit of l?
4
Suppose 2*f = -w + 56 + 34, -207 = -5*f + 2*w. Suppose -b = -f - 139. Let h = b - 82. What is the units digit of h?
0
Let j = -119 + 119. Suppose j = -z - 5*a + 54 + 34, 3*z + 4*a = 308. What is the hundreds digit of z?
1
Let q(k) = -5523*k - 30. What is the tens digit of q(-1)?
9
Suppose -11*f + 12*f - 12 = -2*f. Suppose -2*z + 2992 = 5*v, 1291 = 5*v - 4*z - 1725. Suppose f*k - v - 172 = 0. What is the units digit of k?
3
Suppose 0 = -4*n - 9*s + 11450, s - 2865 = 7*n - 8*n. What is the hundreds digit of n?
8
Suppose 5*t - 11 = 4*j - 12, -2*t = 3*j - 18. Suppose -j*x + 1386 = -2*y, -x + 1371 = 3*x + y. What is the hundreds digit of x?
3
Let j(w) = -w - 24. Let n be j(-22). Let o be ((-32)/2)/n - 4 - 239. Let h = 388 + o. What is the tens digit of h?
5
Let i(r) = r**3 - 52*r**2 - 238*r + 310. What is the tens digit of i(59)?
3
Let f = -378 + 183. Suppose -5*s - 26 = -2*t, 0 = 3*s - 2*t + 7*t + 28. What is the hundreds digit of (f - s/(-3))/(-1)?
1
Let m = -219 + 227. Suppose -m*g + 16*g = 736. What is the units digit of g?
2
Suppose -z + 648 = 17*z. What is the units digit of (-312)/z + 9 - 2782/(-6)?
4
Suppose -6*q + 5*q - 810 = -4*w, -400 = -2*w - 2*q. Let k = 52 - -88. Let c = w - k. What is the units digit of c?
2
Let d = 20562 - 12335. What is the hundreds digit of d?
2
Suppose 0 = -5*o - 0 - 20, -2*o = 3*h - 22. What is the tens digit of (1 - h/15)/((-3)/(-6093))?
7
Suppose -18*s = -2*s - 64. Suppose 0 = s*b - 2*d - 2136, 0 = -3*b - 2*d - 252 + 1861. What is the tens digit of b?
3
Let c(g) be the first derivative of 3*g**2/2 - g - 3. Let z be (-765)/(-40) - ((-6)/(-48) + 0). What is the units digit of c(z)?
6
Suppose 7*d - 152 = -2483. Let s = -233 - d. What is the units digit of s?
0
Let b(g) = -g**3 + 2*g**2 + 4*g - 4. Let v be b(3). Let o(k) = 693*k**2 + k + 1. Let a be o(v). Suppose -7*q = 147 - a. What is the tens digit of q?
7
Suppose 0 = -83*z + 57*z + 81926. What is the units digit of z?
1
Let c = -431 - -438. Let i(b) = b**3 + 16*b**2 - 57*b + 3. What is the hundreds digit of i(c)?
7
What is the units digit of 1441*((-8)/(-5) - 351/(-15))?
5
Let s = 106 + -114. Let q = s + 13. Let b(d) = 9*d**2 - 9*d + 35. What is the hundreds digit of b(q)?
2
Suppose -25 = -3*j + 1025. Let s = -222 + j. What is the tens digit of s?
2
Let o = -44 + 40. Let n(d) = d**3 + 5*d**2 - d - 12. Let s be n(o). What is the units digit of 1*-4 - (s + -13)?
1
Let l(f) = 90*f**2 + 5*f + 11. Let z = -182 + 180. What is the tens digit of l(z)?
6
Let g be 3141/45 - (-1)/5. Suppose 4*i - 8*j + 7*j = g, -4*j + 44 = 2*i. What is the units digit of 3270/i + (15/(-9) - -1)?
1
Suppose 64*x - 22*x - 717234 = 0. What is the units digit of x?
7
Suppose 0*d + 2*d = -2. Let p(n) = -n**2 + n - 1. Let q be p(d). What is the hundreds digit of q/2 + 734/4?
1
Let v = 23577 + -11905. What is the ten thousands digit of v?
1
Suppose -21*l + 119664 = 14*l - 23*l. What is the hundreds digit of l?
9
Let b(t) = t**2 - 2*t. Let c(j) = -1414*j**2 - 45*j - 36. Let p(u) = 5*b(u) - c(u). What is the hundreds digit of p(-1)?
4
Let d(h) = 6*h + 27. Let r be d(-10). Let m = 37 + r. Let y(x) = 14*x - 10. What is the tens digit of y(m)?
4
Suppose 0 = 3*l - 3, -2*l + 237 = 5*w. Suppose w*k - 2100 = 43*k. What is the units digit of k?
5
Let f = 1434 + -786. Let b = f - 582. What is the units digit of b?
6
Suppose 0 = 3*w - 2*w + 3. Let l be -11 - (9/15)/(w/15). What is the hundreds digit of (2 - 2) + l*(-414)/12?
2
Let f(m) = 8*m**2 - 8*m + 39. Suppose 0 = -13*y + 69 + 74. What is the hundreds digit of f(y)?
9
Let m(o) = o - 3. Let p(q) = 6*q - 15. Let n(j) = -11*m(j) + 2*p(j). Let w be n(-7). Let z = 71 - w. What is the tens digit of z?
7
Let v(u) = -18*u - 14. Suppose -31*n - 240 = -25*n. Let f be 3/(-6)*n/((-16)/4). What is the units digit of v(f)?
6
Suppose -3*k = g - 281903, 16*k - 23*g - 93781 = 15*k. What is the thousands digit of k?
3
Let n(s) be the second derivative of -7*s**5/10 - s**4/12 - s**3/3 + s**2 - s - 50. What is the units digit of n(-3)?
7
Suppose -40*n = -32*n - 768. What is the tens digit of (n/(-168))/((-4)/238)?
3
Suppose 4*y + 12 = -2*w, -5*w = -w + 2*y. Suppose 4*h - 2*h - 4*n - 196 = 0, -w*n = -6. What is the hundreds digit of h?
1
Let f(b) = -6*b**3 - 112*b**2 + 33*b - 43. Let p be f(-19). Let a = -19 - -10. What is the units digit of p - ((-80)/36 - 2/a)?
4
What is the tens digit of 2*(28555/9 + (-60)/(-270))?
4
Suppose 10*t - 104406 = -4*f + 5*t, 2*f = -4*t + 52206. What is the hundreds digit of f?
0
Let c be -2 + 0 - (-5 + 2 - 5). What is the units digit of (-2 + (c - 5))*-33?
3
What is the tens digit of (-2)/(-8) - 11/(572/(-1016691))?
5
What is the hundreds digit of (-1126)/6*(8 + 4 + -15)?
5
Suppose -2*c + 3538 + 4808 = 2*m, 0 = -6*c. What is the thousands digit of m?
4
Suppose 4*m - m + 873 = 0. Let j be (3*m/(-9))/1. Suppose 5*w - 6 = 19, 3*w = -d + j. What is the tens digit of d?
8
Let k(s) = 12*s**2 - 21*s + 5. Suppose -21 = -5*i - 2*z + 10, -5*i + 3*z + 16 = 0. What is the units digit of k(i)?
0
Let b be 16/(-5)*(5 + (-325)/10). Suppose -h = 5*d - 800, 5*d + 878 - b = h. What is the tens digit of h?
9
Let y = 446 + -441. Suppose 0 = -2*t + y*u + 1183, -3*u = -5*t - 6*u + 2911. What is the tens digit of t?
8
Suppose 0 = 3*i - 3*m - 5340 - 8649, -2*i - 5*m + 9291 = 0. What is the hundreds digit of i?
6
What is the tens digit of 10880 - (-5 - (9 - 10))?
8
Let n(j) = 73*j - 323. What is the tens digit of n(5)?
4
Let r = -1415 - -2409. What is the units digit of r?
4
Let y be 4733 - 7 - (-5 + -1). Suppose 7*g = -7*g + y. What is the tens digit of g?
3
Let v = -36644 - -70298. What is the ten thousands digit of v?
3
Suppose -g - 24*h + 19*h = -7, h = g - 37. Suppose g*f = 34*f - 1028. What is the hundreds digit of f?
5
Suppose -2*r = 6*k - 10*k - 52, 2*r = -4*k + 92. What is the units digit of 71 - (0 + r)/(-6)?
7
Let v(p) = -259*p + 7. Let a be v(-7). Let y = -1295 + a. What is the hundreds digit of y?
5
Let q(b) = 148*b**2 - 22*b + 45. What is the ten thousands digit of q(10)?
1
What is the tens digit of (2/(-3))/((-100)/358500)?
9
Let q = -10427 - -13441. What is the tens digit of q?
1
Let u = 75391 - 37691. What is the ten thousands digit of u?
3
Suppose 4*u - 7*u + 4*r + 4492 = 0, -5*r = -3*u + 4493. Suppose -u = -2*d + w, -3*d - 231 = 5*w - 2488. What is the tens digit of d?
4
Suppose 3*q = 0, 3*q - 35 = -i + 4. What is the hundreds digit of 97/(2/(-76)*(i - 41))?
8
Suppose -3*p - 5*d = -19420, 36*d = 5*p + 39*d - 32372. What is the thousands digit of p?
6
Let l(a) = 9*a**3 - 34*a**2 + 51*a - 15